{"id":27,"date":"2025-06-12T11:16:31","date_gmt":"2025-06-12T09:16:31","guid":{"rendered":"https:\/\/viiicongreso.universidadeslectoras.es\/?page_id=27"},"modified":"2025-07-27T14:38:16","modified_gmt":"2025-07-27T12:38:16","slug":"publicaciones","status":"publish","type":"page","link":"https:\/\/viiicongreso.universidadeslectoras.es\/index.php\/publicaciones\/","title":{"rendered":"Publicaciones"},"content":{"rendered":"\n<div class=\"wp-block-group alignfull is-layout-flow wp-container-core-group-is-layout-f9cb6abc wp-block-group-is-layout-flow\" style=\"margin-top:0;margin-bottom:0\">\n<div class=\"wp-block-columns alignfull is-style-section-2 is-layout-flex wp-container-core-columns-is-layout-d9884270 wp-block-columns-is-layout-flex is-style-section-2--1\" style=\"padding-top:0;padding-bottom:0\">\n<div class=\"wp-block-column is-layout-flow wp-block-column-is-layout-flow\">\n<h2 class=\"wp-block-heading has-text-align-center has-accent-5-background-color has-background has-xx-large-font-size\"><strong>Publicaciones<\/strong><\/h2>\n<\/div>\n<\/div>\n<\/div>\n\n\n\n<h2 class=\"wp-block-heading alignwide is-style-default has-accent-5-background-color has-background has-x-large-font-size\">Una vez finalizado el congreso se dar\u00e1 un plazo de recepci\u00f3n de originales para su posible publicaci\u00f3n en monogr\u00e1ficos en revistas de gran prestigio editorial.<br>El comit\u00e9 cient\u00edfico valorar\u00e1 las obras recibidas y se propondr\u00e1 a las autoras\/es la revista en la que estiman ser\u00eda adecuada su publicaci\u00f3n. <br>TODOS los art\u00edculos ser\u00e1n sometidos al proceso de evaluaci\u00f3n por pares de la revista seleccionada y por tanto, su publicaci\u00f3n depender\u00e1 del dictamen de cada revista.<br>Tambi\u00e9n podr\u00e1 editarse un volumen en la editorial Marcial Pons, con cap\u00edtulos que deber\u00e1n pasar tambi\u00e9n la evaluaci\u00f3n doble ciego antes de su aceptaci\u00f3n final.<\/h2>\n\n\n\n<h2 class=\"wp-block-heading alignwide is-style-default has-accent-5-background-color has-background has-x-large-font-size\">* <strong>\u00c1labe, revista de la Red Internacional de Universidades Lectoras:<\/strong><br>https:\/\/ojs.ual.es\/ojs\/index.php\/alabe\/index<\/h2>\n\n\n\n<h2 class=\"wp-block-heading alignwide has-accent-5-background-color has-background\">* <strong>Contextos Educativos, revista de Educaci\u00f3n<\/strong>:<br>https:\/\/publicaciones.unirioja.es\/ojs\/index.php\/contextos\/index<\/h2>\n\n\n\n<h2 class=\"wp-block-heading alignwide has-accent-5-background-color has-background\">* <strong>Agua y Territorio:<\/strong> <br>https:\/\/revistaselectronicas.ujaen.es\/index.php\/atma<\/h2>\n\n\n\n<h2 class=\"wp-block-heading alignwide has-accent-5-background-color has-background\">Antes del env\u00edo los art\u00edculos deber\u00e1n adaptarse a las normas de publicaci\u00f3n de la revista\/editorial designada.<\/h2>\n\n\n\n<p><\/p>\n","protected":false},"excerpt":{"rendered":"<p>Publicaciones Una vez finalizado el congreso se dar\u00e1 un plazo de recepci\u00f3n de originales para su posible publicaci\u00f3n en monogr\u00e1ficos en revistas de gran prestigio editorial.El comit\u00e9 cient\u00edfico valorar\u00e1 las obras recibidas y se propondr\u00e1 a las autoras\/es la revista en la que estiman ser\u00eda adecuada su publicaci\u00f3n. TODOS los art\u00edculos ser\u00e1n sometidos al proceso [&hellip;]<\/p>\n","protected":false},"author":1,"featured_media":0,"parent":0,"menu_order":0,"comment_status":"closed","ping_status":"closed","template":"","meta":{"footnotes":""},"class_list":["post-27","page","type-page","status-publish","hentry"],"_links":{"self":[{"href":"https:\/\/viiicongreso.universidadeslectoras.es\/index.php\/wp-json\/wp\/v2\/pages\/27","targetHints":{"allow":["GET"]}}],"collection":[{"href":"https:\/\/viiicongreso.universidadeslectoras.es\/index.php\/wp-json\/wp\/v2\/pages"}],"about":[{"href":"https:\/\/viiicongreso.universidadeslectoras.es\/index.php\/wp-json\/wp\/v2\/types\/page"}],"author":[{"embeddable":true,"href":"https:\/\/viiicongreso.universidadeslectoras.es\/index.php\/wp-json\/wp\/v2\/users\/1"}],"replies":[{"embeddable":true,"href":"https:\/\/viiicongreso.universidadeslectoras.es\/index.php\/wp-json\/wp\/v2\/comments?post=27"}],"version-history":[{"count":6,"href":"https:\/\/viiicongreso.universidadeslectoras.es\/index.php\/wp-json\/wp\/v2\/pages\/27\/revisions"}],"predecessor-version":[{"id":285,"href":"https:\/\/viiicongreso.universidadeslectoras.es\/index.php\/wp-json\/wp\/v2\/pages\/27\/revisions\/285"}],"wp:attachment":[{"href":"https:\/\/viiicongreso.universidadeslectoras.es\/index.php\/wp-json\/wp\/v2\/media?parent=27"}],"curies":[{"name":"wp","href":"https:\/\/api.w.org\/{rel}","templated":true}]}}